{"id":97,"date":"2024-08-22T20:00:28","date_gmt":"2024-08-22T18:00:28","guid":{"rendered":"http:\/\/boutique.ffjdames.fr\/?post_type=product&#038;p=97"},"modified":"2026-04-03T18:23:40","modified_gmt":"2026-04-03T16:23:40","slug":"pendule-dgt-2010-competition","status":"publish","type":"product","link":"https:\/\/boutique.ffjdames.fr\/index.php\/produit\/pendule-dgt-2010-competition\/","title":{"rendered":"Pendule DGT 2010 comp\u00e9tition"},"content":{"rendered":"<p>NOTA : pour tous les mat\u00e9riels les frais d&#8217;emballage et de port sont en plus<\/p>\n<p>Ce tarif annule les pr\u00e9c\u00e9dents\u00a0; il est \u00e9tabli pour un stock r\u00e9el constat\u00e9 au 10\/02\/2021.<\/p>\n<p>Les commandes seront honor\u00e9es dans la limite des stocks disponibles et des r\u00e9-approvisionnements possibles.<\/p>\n<p><strong>1 malette de rangement offerte pour 10 pendules achet\u00e9es<\/strong><\/p>\n","protected":false},"excerpt":{"rendered":"<p>NOTA : pour tous les mat\u00e9riels les frais d&#8217;emballage et de port sont en plus Ce tarif annule les pr\u00e9c\u00e9dents\u00a0;&#8230;<\/p>\n","protected":false},"featured_media":5013,"comment_status":"open","ping_status":"closed","template":"","meta":[],"product_brand":[],"product_cat":[20],"product_tag":[],"class_list":{"0":"post-97","1":"product","2":"type-product","3":"status-publish","4":"has-post-thumbnail","6":"product_cat-pendules","8":"first","9":"instock","10":"taxable","11":"shipping-taxable","12":"purchasable","13":"product-type-simple"},"_links":{"self":[{"href":"https:\/\/boutique.ffjdames.fr\/index.php\/wp-json\/wp\/v2\/product\/97","targetHints":{"allow":["GET"]}}],"collection":[{"href":"https:\/\/boutique.ffjdames.fr\/index.php\/wp-json\/wp\/v2\/product"}],"about":[{"href":"https:\/\/boutique.ffjdames.fr\/index.php\/wp-json\/wp\/v2\/types\/product"}],"replies":[{"embeddable":true,"href":"https:\/\/boutique.ffjdames.fr\/index.php\/wp-json\/wp\/v2\/comments?post=97"}],"wp:featuredmedia":[{"embeddable":true,"href":"https:\/\/boutique.ffjdames.fr\/index.php\/wp-json\/wp\/v2\/media\/5013"}],"wp:attachment":[{"href":"https:\/\/boutique.ffjdames.fr\/index.php\/wp-json\/wp\/v2\/media?parent=97"}],"wp:term":[{"taxonomy":"product_brand","embeddable":true,"href":"https:\/\/boutique.ffjdames.fr\/index.php\/wp-json\/wp\/v2\/product_brand?post=97"},{"taxonomy":"product_cat","embeddable":true,"href":"https:\/\/boutique.ffjdames.fr\/index.php\/wp-json\/wp\/v2\/product_cat?post=97"},{"taxonomy":"product_tag","embeddable":true,"href":"https:\/\/boutique.ffjdames.fr\/index.php\/wp-json\/wp\/v2\/product_tag?post=97"}],"curies":[{"name":"wp","href":"https:\/\/api.w.org\/{rel}","templated":true}]}}